 (4 - (0 - (-2 - -3)))?
5
What is 2 - (-3 - (-3 - 7))?
-5
Evaluate 9 - 3 - (-13 + 14).
5
-6 + 1 - (82 - 97)
10
Calculate (-2 - -3 - -3) + 0.
4
Calculate 5 + (1 - 6) + 4.
4
What is the value of -5 - (-15 - (-19 + 5))?
-4
What is the value of 1 - (14 - (8 - 2))?
-7
What is the value of 20 + -1 + -11 + 1?
9
What is the value of -4 - (-2 + (0 + -4 - 0))?
2
What is the value of 1 + 3 + 3 + -9?
-2
Evaluate 6 - (1 + -1 + 7 + -7).
6
What is (-6 - 0) + (2 - 1)?
-5
What is 16 + -21 - (-2 + 2)?
-5
What is the value of -2 - 0 - (16 - 18)?
0
What is 0 + -7 + (7 - -1)?
1
12 + (5 - ((5 - 1) + 8))
5
What is the value of -1 + (6 - 4) - -5?
6
What is the value of 5 - (7 - (-1 + -1))?
-4
What is 6 + -7 + (1 - 5)?
-5
Calculate -8 + -2 + (6 - (1 - 0)).
-5
What is the value of -1 + 4 + 1 - 0?
4
What is the value of (50 - 42) + -1 + 9 + -7?
9
Evaluate -3 + (0 - -6) + (-45 - -45).
3
What is the value of -6 - (2 + 5 + -3 - 15)?
5
(40 - 54) + -1 + 17
2
Evaluate -2 + 3 + -10 + 13.
4
-9 - -8 - (-3 - -1 - -5)
-4
What is the value of (3 - 7) + 0 + 2?
-2
What is 5 - (2 + 3 + -4 + 4)?
0
Evaluate 10 - (-8 + 11 + 9).
-2
(102 - 109) + -1 + 2 + 1
-5
Calculate 13 - 18 - (-8 - -3).
0
Evaluate 5 + (-2 - 3) + (3 - -2).
5
Calculate (-5 - -1) + 12 + -5 - 1.
2
What is (2 - 3) + 1 + (0 - -1)?
1
Evaluate (-3 - (2 + -1)) + 3.
-1
Evaluate -2 + -1 - (-10 - -10).
-3
Evaluate 8 + (-5 + 4 - -3 - 3).
7
Calculate -6 + 11 + -20 - -7.
-8
What is the value of (21 - 10) + -8 + 1?
4
Evaluate -2 + 5 + -4 + -2.
-3
What is -1 - -4 - (7 + 5 + -15)?
6
What is 0 - ((2 - 0) + 0 - 6)?
4
What is 1 - (6 + (-3 - (4 + -5)))?
-3
Evaluate (0 - 1) + -3 + 7.
3
Evaluate -1 + -7 + (9 - 14) + 8.
-5
What is -11 + (-6 - -10) - -14?
7
-2 + 2 - (14 + -10 + 0)
-4
Calculate -6 + 2 + 4 + 2.
2
Evaluate -2 + 3 - 4 - (-1 + -6).
4
Evaluate 8 + -3 + (-3 - (2 + -6)).
6
Calculate 3 + -10 - (2 - 9).
0
What is the value of (4 + -4 - (-6 - -9)) + -3?
-6
(0 - 10 - -11) + -7
-6
What is the value of -7 + 4 + (7 - 0)?
4
What is -6 + 0 + (-25 - -32)?
1
What is (-5 + 7 - (0 + 1)) + 4?
5
-2 + -3 + 5 + -4
-4
Evaluate 4 + 0 + 0 + -3 + 2.
3
Calculate 8 + -8 + -6 - -3.
-3
-9 + (6 - 1 - 8 - -7)
-5
What is 8 - (4 - 3 - (-1 + -2))?
4
What is 4 - 4 - 3 - (-2 - -2)?
-3
(4 - (6 - 1)) + 3 + -1
1
7 - ((5 - 5) + 5)
2
Evaluate 2 - 7 - -6 - 4.
-3
Evaluate ((2 - 4) + 0 - 0) + 0.
-2
6 + -2 + (2 - 6) + 5
5
Calculate -1 - (-13 + 14 + -7 + 0).
5
Calculate 0 - 0 - (16 - 13 - -2).
-5
Calculate 5 - (1 - (1 - (3 + 1))).
1
4 + (-7 - (3 - 5))
-1
What is the value of -5 + 1 + (0 - -7)?
3
7 + (-10 - (-11 - -9))
-1
What is the value of -6 + -2 + 3 - (0 - 3)?
-2
What is the value of 4 + (-9 - (4 + -9))?
0
What is -8 + 3 + -16 + 14?
-7
Calculate (2 - 3) + -4 + 1.
-4
What is (2 - (3 - 1)) + 9 + -9?
0
What is (0 - 2) + -1 + 34 + -24?
7
What is the value of 4 + 0 + (2 + 1 - 3)?
4
What is (-1 - -2) + (13 - 13)?
1
What is 11 + (-17 - -7 - 1)?
0
Evaluate 20 + -1 - (-241 - -251).
9
Calculate -4 - 1 - (22 - 36 - -5).
4
What is 5 + ((-6 - -5) + 5 - 13)?
-4
(-7 - -3) + 6 + -5
-3
What is the value of -2 - ((-11 - -7) + -4)?
6
7 - (0 - -4) - (-4 + 2)
5
What is the value of -13 + 12 + (1 - -1) + 1?
2
Evaluate 8 + (0 - 7) + -4.
-3
What is the value of -6 - (-3 + 6 - 8)?
-1
(1 - (-2 - -13)) + 8
-2
Evaluate 3 - (3 + -3 + (3 - -1)).
-1
Evaluate 2 + (0 + -7 - 0) - -2.
-3
Calculate 5 + -7 - (2 + 2) - -8.
2
What is the value of (-1 - (4 + -4)) + -1?
-2
What is (-3 - (-2 + 1)) + (-33 - -31)?
-4
What is the value of (-5 - -3) + -1 + 5?
2
Evaluate (-5 - -2) + 1 + (3 - -1).
2
Evaluate (-1 - (4 - (4 - -1))) + 5.
5
Calculate (4 - 0) + 2 + -4.
2
Evaluate 19 - (3 + 5) - 8.
3
(5 - (10 + -3)) + (1 - -5)
4
What is the value of 3 - 7 - (-2 - (-1 - -1))?
-2
Calculate 4 + -3 - (0 + 3).
-2
What is 3 - (5 + (-2 - 2))?
2
What is 2 + (4 - (5 + -2))?
3
Evaluate -8 + -1 + 7 + (12 - 15).
-5
What is the value of -1 + 2 + -65 + 64?
0
Calculate 7 + (-6 - (-8 + 6)).
3
Evaluate (1 - (0 + -3)) + -1.
3
What is the value of (4 - 8) + -3 - (-9 + -3)?
5
What is the value of -6 - (-3 + (-2 - -6))?
-7
What is 3 + (5 - 1 - (5 - 0))?
2
(8 - 1) + (8 + -7 - 5)
3
1 - (-1 + (-2 - -3))
1
What is 2 - ((0 - 4 - 2) + 7)?
1
What is the value of (-1 + -4 - (-3 + -2)) + 0?
0
Evaluate 5 - (4 + -2) - 4.
-1
What is the value of -7 + (5 - -2 - 4) + 3?
-1
What is -5 + 2 - (1 - 6)?
2
(0 - (-12 + 9)) + -6
-3
What is the value of (-4 - (-8 + 4)) + -1?
-1
What is the value of 6 + (-6 - 3) + -2?
-5
3 + -4 + 2 - 2 - 1
-2
What is 3 - (7 - 4 - -3)?
-3
Evaluate (4 + -1 - 8) + 0.
-5
What is the value of 10 - (10 + 5) - (1 - 5)?
-1
Calculate (0 - -3) + (-4 - -5).
4
Evaluate (2 - (5 - 7 - -8)) + 10.
6
Evaluate -2 + 0 + 7 - (-15 + 16).
4
Calculate -8 + -3 - (-6 + -1).
-4
What is the value of -6 - (-4 - -1) - -3?
0
Evaluate 6 - (3 + -3 + -3 + 7).
2
What is (-3 - (-6 - -7)) + (1 - 1)?
-4
Evaluate 8 - -5 - 9 - 0.
4
Evaluate (-7 - (-3 - 0)) + (12 - 2).
6
What is the value of (6 - 3) + -4 + 0?
-1
What is the value of (-1 - 2) + -2 + 5 + -1?
-1
Evaluate 0 + (3 - (-3 + -2 + 3)).
5
Calculate 0 + -3 + 0 + 6.
3
What is -41 + 34 + (-3 - -13)?
3
What is -1 - (3 - 2) - -5?
3
(-2 - 4) + 16 - 5
5
Evaluate (-4 - -6) + (2 - 8) + -1.
-5
Calculate 0 + 4 + (4 - 11) + 3.
0
Calculate 5 - (-3 + 3) - 9.
-4
-6 + (-8 - -9 - -3)
-2
What is the value of (-16 - -11) + (4 - 3)?
-4
Calculate 3 + (1 - (9 - 4)).
-1
What is the value of 1 + -3 - (0 + 2)?
-4
What is the value of (4 - (-1 - -4)) + 3 - -2?
6
Calculate -4 + 5 + -2 + 3 + -2.
0
Calculate -1 + -1 + (-2 - -7) + -4.
-1
-5 - (6 + (7 - 5 - 14))
1
0 + 4 + 17 + -26
-5
Evaluate 5 + -12 - -9 - -2.
4
What is -6 + (-2 - (1 + -14))?
5
What is 8 - (1 + -5 + 6 + 5)?
1
Calculate -1 + (0 - (-4 + 2)).
1
What is the value of (3 + 6 - 4) + 10 + -16?
-1
11 - (8 + -7) - 1
9
What is -4 + 4 + -5 - -3?
-2
-5 - -12 - (5 + 1 + -2)
3
What is the value of -6 - (-6 - (-6 - -7 - 0))?
1
What is -4 + (-1 - (2 - 3))?
-4
20 + -12 + (0 - 10) + 3
1
Calculate -1 + -2 + (12 - 4).
5
4 + 4 + -10 + 0 + 2
0
Calculate -9 + -2 + 7 + (0 - 0).
-4
Evaluate 15 + -10 + (1 - (15 - 3)).
-6
Calculate 10 + -5 + -1 + 2 + 0.
6
What is 0 - 0 - (-35 + 38)?
-3
0 - ((-2 - -6) + -5)
1
Evaluate (10 + -16 - -6) + 5.
5
-1 + 0 + -12 + 14
1
(10 - 2) + -4 + (-2 - -3)
5
What is the value of (6 - 0) + -23 + 10 + 8?
1
Evaluate 7 + (1 - (-4 + 8 + -4)).
8
Evaluate 0 + 5 + -3 + -1.
1
Calculate 4 - (-2 - -7) - (0 + 5).
-6
Calculate -2 - -6 - 1 - 0.
3
What is the value of -19 + 6 - (0 - 15)?
2
What is the value of 3 + -3 + 3 - 8?
-5
What is the value of -4 + 13 - 2 - 2 - 0?
5
-2 - (1 + 0) - (-61 - -55)
3
Calculate 6 - -9 - (46 - 24).
-7
What is 12 + -9 + 2 + (-1 - 3)?
1
What is the value of 2 - (-5 - (7 + -15))?
-1
What is the value of (6 - -2) + 5 + 1 + -12?
2
Calculate -22 + 28 + (0 - 2).
4
(7 - -1) + (16 - 30) - -1
-5
15 + -29 + 11 + 2
-1
Calculate -20 + 22 + (-2 - -2 - 1).
1
What is 0 + -1 + -5 + (0 - -4)?
-2
Calculate -2 + 0 + (7 - -1).
6
What is -6 + (-3 - -2) + 4?
-3
What is -2 + -1 - ((2 - 4) + -3)?
2
Calculate (1 - -4) + -64 + 59.
0
Evaluate (3 + -12 - -5) + -3.
-7
0 - ((-11 - -6) + 10)
-5
14 - 12 - 12 - (-5 + 0)
-5
What is 111 + -95 + (-11 - 1)?
4
4 - (1 - ((3 - 6) + 2))
2
Calculate 10 + (-16 - (-10 + 11)).
-7
Evaluate 12 - (-11 + 25) - (0 - -1).
-3
What is the value of 50 + -52 + (1 - 4)?
-5
Evaluate (1 - 0 - (78 - 81)) + 1.
5
4 + 0 + 12 + (-15 - -8)
9
What is -10 - (1 + 3 + -9)?
-5
Evaluate 0 + 7 - (-12 + 16 - -4).
-1
18 - 22 - (-6 + -1)
3
What is the value of 7 + (-7 - (-9 - -3 - -7))?
-1
What is the value of -7 - (-7 + 8) - -12?
4
Evaluate 1 - (2 - (0 - -3 - 6)).
-4
What is 2 - (-1 + 2 - (-10 + 13))?
4
Calculate (-5 - (-4 - 5 - -6)) + -3.
-5
-2 + 0 + 2 + (-3 - 0)
-3
Calculate -2 + 4 - (-4 - (0 + -5)).
1
Calculate 3 - (2 + 1 + -5 - -2).
3
Calculate -2 - (2 + 2 - (4 + 2)).
0
Evaluate 14 + -16 - (2 + 1 + -2).
-3
What is the value of -8 - (-5 + 3 - 3)?
-3
(-6 - -9) + -2 + -3
-2
What is 4 + (-5 - (0 - 2)) + 2?
3
-5 + 2 - (-20 - -15)
2
Calculate 5 + 0 + (0 - 5) + -4.
-4
What is -8 - (-11 - (-2 - 6))?
-5
-222 + 222 + -2 + 0 + 8
6
1 + (8 + (1 - 4) - 1)
5
Evaluate -3 - (-2 - (6 + -3)).
2
Evaluate -1 + 5 + 2 - 9.
-3
Evaluate 7 - (1 + (2 - (-3 - -2))).
3
Calculate (-1 - -2) + -4 + 1 + 5.
3
Calculate 3 + -2 + (-6 - -1 - -10).
6
What is (-8 + 5 - -1) + -1 + 6?
3
What is the value of 2 + -2 + 2 